{"id":7,"date":"2013-12-17T16:44:35","date_gmt":"2013-12-17T14:44:35","guid":{"rendered":"http:\/\/barbarino.rivido.de\/wordpress\/?page_id=7"},"modified":"2023-01-30T13:57:56","modified_gmt":"2023-01-30T11:57:56","slug":"ueber-mich","status":"publish","type":"page","link":"http:\/\/www.canan.eu\/?page_id=7","title":{"rendered":"\u00dcber mich"},"content":{"rendered":"<p>Schon seit ich denken kann, habe ich mich daf\u00fcr interessiert die Welt &#8222;sch\u00f6ner&#8220; zu machen. Ich habe von klein auf viel gebastelt und mir eigene kleine B\u00fccher, Hefte und Magazine gestaltet. Ob Collagen, Fotografien, Zeichnungen oder faszinierende Schriftz\u00fcge \u2013 \u00e4sthetisch Sch\u00f6nes hat mich immer schon begeistert und ich habe gerne mit Farben und Formen experimentiert.<\/p>\n<p>Nach meiner Ausbildung zur Mediengestalterin f\u00fcr Digital- und Printmedien in der Fachrichtung Mediendesign habe ich Ethnologie und Soziologie (B.A.) in Heidelberg studiert, und arbeite mittlerweile frei- und nebenberuflich im Bereich Design und Fotografie. Mit der Fotografie habe ich im Jahr 2004 begonnen und habe die Kamera seit dem nicht mehr aus der Hand gelegt.<\/p>\n<p>Mein fotografischer Schwerpunkt ist die Foodfotografie. Ich besch\u00e4ftige mich unheimlich gerne mit Lebensmitteln, lese viel \u00fcber Ern\u00e4hrung und probiere Neues aus. Ich liebe es, zu kochen, zu backen und die Ergebnisse im Bild festzuhalten. Meine Fotos entstehen in vollst\u00e4ndiger Eigenproduktion. Von der Konzeption \u00fcber die Planung, den Einkauf, das Kochen\/Backen und Foodstyling bis schlie\u00dflich zum Fotografieren selbst, kommt alles aus (m)einer Hand.<br \/>\nIch lege dabei gro\u00dfen Wert auf Nat\u00fcrlichkeit. Das f\u00e4ngt bei der Technik an, denn ich arbeite ausschlie\u00dflich mit Tageslicht, und h\u00f6rt bei den Motiven auf, die vegan oder vegetarisch, frisch und selbst hergestellt sind. Zudem verzichte ich auf Veggie-Ersatzprodukte, die gr\u00f6\u00dftenteils aus k\u00fcnstlichen Chemikalien und Aromen bestehen. <\/p>\n<p>Ich wertsch\u00e4tze Lebensmittel und nehme den Umstand, dass in unserem Teil der Welt nahezu unbegrenzter Zugang zu Nahrungsmitteln jeder Art besteht, als Verantwortung wahr, mit diesen wertvollen Ressourcen entsprechend umzugehen. Meine Motive sind daher alle essbar (und werden nach der Arbeit auch verzehrt); ich arbeite nicht mit Dummys oder synthetischen Austauschstoffen und werfe auch keine der verwendeten Lebensmittel weg. Ich kaufe mittlerweile nahezu ausschlie\u00dflich in Biol\u00e4den ein und achte auch ansonsten darauf, dass die Produkte biologisch erzeugt wurden \u2013 am liebsten regional und saisonal.<\/p>\n<p>Nachhaltigkeit ist mir ein wichtiges Anliegen, so dass ich nur plastikfreie Props verwende, gerne aus Naturmaterialien oder vom Flohmarkt.<\/p>\n","protected":false},"excerpt":{"rendered":"<p>Schon seit ich denken kann, habe ich mich daf\u00fcr interessiert die Welt &#8222;sch\u00f6ner&#8220; zu machen. Ich habe von klein auf viel gebastelt und mir eigene kleine B\u00fccher, Hefte und Magazine gestaltet. Ob Collagen, Fotografien, Zeichnungen oder faszinierende Schriftz\u00fcge \u2013 \u00e4sthetisch Sch\u00f6nes hat mich immer schon begeistert und ich habe gerne mit Farben und Formen experimentiert. Nach meiner Ausbildung zur Mediengestalterin f\u00fcr Digital- und Printmedien in der Fachrichtung Mediendesign habe ich Ethnologie und Soziologie (B.A.) in Heidelberg studiert, und arbeite mittlerweile frei- und nebenberuflich im Bereich Design und Fotografie. Mit der Fotografie habe ich im Jahr 2004 begonnen und habe die Kamera seit dem nicht mehr aus der Hand gelegt. Mein fotografischer Schwerpunkt ist die Foodfotografie. Ich besch\u00e4ftige mich unheimlich gerne mit Lebensmitteln, lese viel \u00fcber Ern\u00e4hrung und probiere Neues aus. Ich liebe es, zu kochen, zu backen und die Ergebnisse im Bild festzuhalten. Meine Fotos entstehen in vollst\u00e4ndiger Eigenproduktion. Von der Konzeption \u00fcber die Planung, den Einkauf, das Kochen\/Backen und Foodstyling bis schlie\u00dflich zum Fotografieren selbst, kommt alles aus (m)einer Hand. Ich lege dabei gro\u00dfen Wert auf Nat\u00fcrlichkeit. Das f\u00e4ngt bei der Technik an, denn ich arbeite ausschlie\u00dflich mit Tageslicht, und h\u00f6rt bei den Motiven auf, die vegan oder vegetarisch, [&hellip;]<\/p>\n","protected":false},"author":2,"featured_media":0,"parent":0,"menu_order":50,"comment_status":"closed","ping_status":"open","template":"","meta":{"footnotes":""},"class_list":["post-7","page","type-page","status-publish","hentry"],"jetpack_sharing_enabled":true,"_links":{"self":[{"href":"http:\/\/www.canan.eu\/index.php?rest_route=\/wp\/v2\/pages\/7","targetHints":{"allow":["GET"]}}],"collection":[{"href":"http:\/\/www.canan.eu\/index.php?rest_route=\/wp\/v2\/pages"}],"about":[{"href":"http:\/\/www.canan.eu\/index.php?rest_route=\/wp\/v2\/types\/page"}],"author":[{"embeddable":true,"href":"http:\/\/www.canan.eu\/index.php?rest_route=\/wp\/v2\/users\/2"}],"replies":[{"embeddable":true,"href":"http:\/\/www.canan.eu\/index.php?rest_route=%2Fwp%2Fv2%2Fcomments&post=7"}],"version-history":[{"count":22,"href":"http:\/\/www.canan.eu\/index.php?rest_route=\/wp\/v2\/pages\/7\/revisions"}],"predecessor-version":[{"id":3722,"href":"http:\/\/www.canan.eu\/index.php?rest_route=\/wp\/v2\/pages\/7\/revisions\/3722"}],"wp:attachment":[{"href":"http:\/\/www.canan.eu\/index.php?rest_route=%2Fwp%2Fv2%2Fmedia&parent=7"}],"curies":[{"name":"wp","href":"https:\/\/api.w.org\/{rel}","templated":true}]}}

Über mich

<p>Schon seit ich denken kann, habe ich mich dafür interessiert die Welt &#8222;schöner&#8220; zu machen. Ich habe von klein auf viel gebastelt und mir eigene kleine Bücher, Hefte und Magazine gestaltet. Ob Collagen, Fotografien, Zeichnungen oder faszinierende Schriftzüge – ästhetisch Schönes hat mich immer schon begeistert und ich habe gerne mit Farben und Formen experimentiert.</p>
<p>Nach meiner Ausbildung zur Mediengestalterin für Digital- und Printmedien in der Fachrichtung Mediendesign habe ich Ethnologie und Soziologie (B.A.) in Heidelberg studiert, und arbeite mittlerweile frei- und nebenberuflich im Bereich Design und Fotografie. Mit der Fotografie habe ich im Jahr 2004 begonnen und habe die Kamera seit dem nicht mehr aus der Hand gelegt.</p>
<p>Mein fotografischer Schwerpunkt ist die Foodfotografie. Ich beschäftige mich unheimlich gerne mit Lebensmitteln, lese viel über Ernährung und probiere Neues aus. Ich liebe es, zu kochen, zu backen und die Ergebnisse im Bild festzuhalten. Meine Fotos entstehen in vollständiger Eigenproduktion. Von der Konzeption über die Planung, den Einkauf, das Kochen/Backen und Foodstyling bis schließlich zum Fotografieren selbst, kommt alles aus (m)einer Hand.<br />
Ich lege dabei großen Wert auf Natürlichkeit. Das fängt bei der Technik an, denn ich arbeite ausschließlich mit Tageslicht, und hört bei den Motiven auf, die vegan oder vegetarisch, frisch und selbst hergestellt sind. Zudem verzichte ich auf Veggie-Ersatzprodukte, die größtenteils aus künstlichen Chemikalien und Aromen bestehen. </p>
<p>Ich wertschätze Lebensmittel und nehme den Umstand, dass in unserem Teil der Welt nahezu unbegrenzter Zugang zu Nahrungsmitteln jeder Art besteht, als Verantwortung wahr, mit diesen wertvollen Ressourcen entsprechend umzugehen. Meine Motive sind daher alle essbar (und werden nach der Arbeit auch verzehrt); ich arbeite nicht mit Dummys oder synthetischen Austauschstoffen und werfe auch keine der verwendeten Lebensmittel weg. Ich kaufe mittlerweile nahezu ausschließlich in Bioläden ein und achte auch ansonsten darauf, dass die Produkte biologisch erzeugt wurden – am liebsten regional und saisonal.</p>
<p>Nachhaltigkeit ist mir ein wichtiges Anliegen, so dass ich nur plastikfreie Props verwende, gerne aus Naturmaterialien oder vom Flohmarkt.</p>

<p>Schon seit ich denken kann, habe ich mich dafür interessiert die Welt &#8222;schöner&#8220; zu machen. Ich habe von klein auf viel gebastelt und mir eigene kleine Bücher, Hefte und Magazine gestaltet. Ob Collagen, Fotografien, Zeichnungen oder faszinierende Schriftzüge – ästhetisch Schönes hat mich immer schon begeistert und ich habe gerne mit Farben und Formen experimentiert. Nach meiner Ausbildung zur Mediengestalterin für Digital- und Printmedien in der Fachrichtung Mediendesign habe ich Ethnologie und Soziologie (B.A.) in Heidelberg studiert, und arbeite mittlerweile frei- und nebenberuflich im Bereich Design und Fotografie. Mit der Fotografie habe ich im Jahr 2004 begonnen und habe die Kamera seit dem nicht mehr aus der Hand gelegt. Mein fotografischer Schwerpunkt ist die Foodfotografie. Ich beschäftige mich unheimlich gerne mit Lebensmitteln, lese viel über Ernährung und probiere Neues aus. Ich liebe es, zu kochen, zu backen und die Ergebnisse im Bild festzuhalten. Meine Fotos entstehen in vollständiger Eigenproduktion. Von der Konzeption über die Planung, den Einkauf, das Kochen/Backen und Foodstyling bis schließlich zum Fotografieren selbst, kommt alles aus (m)einer Hand. Ich lege dabei großen Wert auf Natürlichkeit. Das fängt bei der Technik an, denn ich arbeite ausschließlich mit Tageslicht, und hört bei den Motiven auf, die vegan oder vegetarisch, [&hellip;]</p>
